e millions digit of 1732048700?
2
What is the hundreds digit of 520830255?
2
What is the millions digit of 2400359125?
0
What is the ten thousands digit of 22252210?
5
What is the thousands digit of 5051575351?
5
What is the hundreds digit of 76859442?
4
What is the millions digit of 558221077?
8
What is the millions digit of 94994639?
4
What is the units digit of 112680492?
2
What is the tens digit of 2635747623?
2
What is the millions digit of 1877271769?
7
What is the millions digit of 1198132097?
8
What is the hundreds digit of 420459646?
6
What is the units digit of 882156770?
0
What is the ten millions digit of 185257881?
8
What is the tens digit of 775050484?
8
What is the millions digit of 295129132?
5
What is the thousands digit of 71855823?
5
What is the millions digit of 170060013?
0
What is the hundred millions digit of 6232737714?
2
What is the millions digit of 5379892667?
9
What is the millions digit of 178744803?
8
What is the ten millions digit of 623814285?
2
What is the ten thousands digit of 245546958?
4
What is the hundred millions digit of 1316420108?
3
What is the hundreds digit of 1436073697?
6
What is the thousands digit of 21407049?
7
What is the millions digit of 87413342?
7
What is the units digit of 193451936?
6
What is the hundreds digit of 94722176?
1
What is the thousands digit of 26098283?
8
What is the hundred thousands digit of 179810999?
8
What is the units digit of 2667176?
6
What is the hundred millions digit of 674377282?
6
What is the ten thousands digit of 177427230?
2
What is the millions digit of 63612313?
3
What is the hundred thousands digit of 428341632?
3
What is the millions digit of 805607297?
5
What is the millions digit of 2018939662?
8
What is the millions digit of 96137248?
6
What is the hundred thousands digit of 51446610?
4
What is the thousands digit of 88105346?
5
What is the millions digit of 23678640?
3
What is the hundred thousands digit of 296435472?
4
What is the millions digit of 1256265716?
6
What is the hundreds digit of 61457408?
4
What is the ten millions digit of 131709159?
3
What is the tens digit of 334850913?
1
What is the hundred millions digit of 309457759?
3
What is the ten millions digit of 2083226638?
8
What is the tens digit of 762602741?
4
What is the hundred millions digit of 302539221?
3
What is the ten thousands digit of 1391773954?
7
What is the hundreds digit of 3502041841?
8
What is the thousands digit of 446669820?
9
What is the hundred thousands digit of 76704373?
7
What is the tens digit of 3068220999?
9
What is the ten millions digit of 28524012?
2
What is the tens digit of 6999360403?
0
What is the thousands digit of 170464519?
4
What is the millions digit of 25202845?
5
What is the hundred thousands digit of 42762627?
7
What is the thousands digit of 774394429?
4
What is the hundred thousands digit of 958630446?
6
What is the hundreds digit of 1764218161?
1
What is the millions digit of 14355554?
4
What is the hundreds digit of 944206259?
2
What is the ten thousands digit of 206633129?
3
What is the hundred millions digit of 5159542411?
1
What is the thousands digit of 44908453?
8
What is the ten millions digit of 332691065?
3
What is the ten thousands digit of 157810720?
1
What is the ten millions digit of 26731572?
2
What is the hundred thousands digit of 291505320?
5
What is the hundreds digit of 1582510281?
2
What is the ten millions digit of 689469391?
8
What is the millions digit of 4947985?
4
What is the billions digit of 1231537629?
1
What is the units digit of 3320542728?
8
What is the thousands digit of 36216458?
6
What is the hundreds digit of 126779056?
0
What is the tens digit of 26109137?
3
What is the ten thousands digit of 93036487?
3
What is the hundred thousands digit of 910275235?
2
What is the thousands digit of 1060101342?
1
What is the ten thousands digit of 57592663?
9
What is the ten millions digit of 654726257?
5
What is the millions digit of 1455623792?
5
What is the ten millions digit of 1270918743?
7
What is the ten thousands digit of 68895135?
9
What is the units digit of 721594370?
0
What is the thousands digit of 1067895219?
5
What is the units digit of 1551255?
5
What is the thousands digit of 372758183?
8
What is the units digit of 4494356279?
9
What is the tens digit of 1020659711?
1
What is the units digit of 178246433?
3
What is the millions digit of 267408607?
7
What is the units digit of 199724674?
4
What is the ten millions digit of 194757177?
9
What is the hundred thousands digit of 2399066464?
0
What is the millions digit of 11339885?
1
What is the thousands digit of 87082927?
2
What is the hundred thousands digit of 8685884?
6
What is the hundred thousands digit of 52438202?
4
What is the thousands digit of 11775889?
5
What is the hundred millions digit of 4394185105?
3
What is the tens digit of 425555075?
7
What is the hundreds digit of 1475401316?
3
What is the hundred thousands digit of 39689167?
6
What is the units digit of 240575046?
6
What is the units digit of 1948018263?
3
What is the ten thousands digit of 3437563931?
6
What is the thousands digit of 16456923?
6
What is the tens digit of 541686764?
6
What is the billions digit of 1989948202?
1
What is the thousands digit of 121788603?
8
What is the thousands digit of 180418909?
8
What is the tens digit of 902206990?
9
What is the ten thousands digit of 1954314?
5
What is the hundred thousands digit of 53500553?
5
What is the thousands digit of 25500879?
0
What is the thousands digit of 1065674051?
4
What is the ten thousands digit of 3874736681?
3
What is the millions digit of 493839636?
3
What is the units digit of 36444943?
3
What is the ten millions digit of 63218084?
6
What is the tens digit of 15800584?
8
What is the ten thousands digit of 5657421985?
2
What is the billions digit of 2031444704?
2
What is the millions digit of 1716521236?
6
What is the units digit of 137380530?
0
What is the hundreds digit of 80580176?
1
What is the ten thousands digit of 6676103?
7
What is the thousands digit of 41420639?
0
What is the millions digit of 49577299?
9
What is the units digit of 982406338?
8
What is the hundred thousands digit of 154067776?
0
What is the hundred thousands digit of 176083220?
0
What is the ten millions digit of 99402407?
9
What is the hundred millions digit of 187060433?
1
What is the millions digit of 36085743?
6
What is the hundreds digit of 49178830?
8
What is the hundred thousands digit of 3863498525?
4
What is the units digit of 49033412?
2
What is the units digit of 36320862?
2
What is the hundreds digit of 228138986?
9
What is the tens digit of 805121291?
9
What is the units digit of 62066353?
3
What is the ten thousands digit of 7241218901?
1
What is the tens digit of 967476267?
6
What is the ten thousands digit of 563911866?
1
What is the ten thousands digit of 242428604?
2
What is the hundred thousands digit of 33550751?
5
What is the millions digit of 2016606600?
6
What is the thousands digit of 869013896?
3
What is the ten millions digit of 381683644?
8
What is the ten millions digit of 473196775?
7
What is the units digit of 246218766?
6
What is the ten thousands digit of 80860123?
6
What is the ten millions digit of 440790514?
4
What is the millions digit of 112828997?
2
What is the units digit of 89528018?
8
What is the thousands digit of 103139941?
9
What is the thousands digit of 28784455?
4
What is the millions digit of 55474195?
5
What is the ten thousands digit of 25201488?
0
What is the millions digit of 193952809?
3
What is the ten thousands digit of 416236216?
3
What is the units digit of 2473866385?
5
What is the tens digit of 1196895644?
4
What is the units digit of 904487278?
8
What is the thousands digit of 16930305?
0
What is the ten millions digit of 90225989?
9
What is the hundreds digit of 16083607?
6
What is the ten thousands digit of 268460382?
6
What is the thousands digit of 186221754?
1
What is the millions digit of 103539382?
3
What is the hundreds digit of 198542464?
4
What is the hundred thousands digit of 138879763?
8
What is the tens digit of 934157885?
8
What is the ten millions digit of 1692007304?
9
What is the hundred thousands digit of 50850916?
8
What is the ten thousands digit of 410518